Suppose 3*d = 2*d + 127. What are the prime factors of d?
127
Suppose 2 = -s + 30. List the prime factors of s.
2, 7
Suppose -2*c + 488 = -0*v - 4*v, -3*c - 5*v + 677 = 0. What are the prime factors of c/8 + 10/(-40)?
29
Let y(t) = -2 - t - t**3 + 0*t**3 + t**2 + 3. Let i(j) = -7*j**3 - 6*j**2 + 5*j - 5. Let g(n) = i(n) + 5*y(n). What are the prime factors of g(-1)?
11
Let u = 152 + -101. List the prime factors of u.
3, 17
Let c be ((-16)/5)/((-4)/30). Let m = -14 + c. What are the prime factors of m?
2, 5
Let c(r) = -2*r**2 - 24*r - 4. What are the prime factors of c(-10)?
2, 3
Let a(f) = -57*f + 4. Let u be a(3). Let l = u + 238. Suppose 0 = -4*n + l - 7. What are the prime factors of n?
2
Let w(s) = -4 + 4 - 4*s - 6 + 0. Let j be -3*4/6 + -3. List the prime factors of w(j).
2, 7
Let m = 87 - 59. List the prime factors of m.
2, 7
Suppose -2*f + 73 = -149. Suppose 0 = 3*p - 2*h - 68, -4*p - 19 = -4*h - f. Let t = 38 - p. List the prime factors of t.
2
Let u(c) = 26 + 4*c**2 - 3*c**2 - 4*c + 5*c + 0*c. Let z be u(0). Suppose 0 = 3*p - 22 - z. List the prime factors of p.
2
Suppose 1 = 2*p - 3. Suppose 5*v = p*v + 126. List the prime factors of v.
2, 3, 7
Suppose -9*m + 5*m = -488. What are the prime factors of m?
2, 61
Let q(k) = -2*k + 6. List the prime factors of q(-12).
2, 3, 5
Suppose -55 = -4*u + 17. List the prime factors of 291/18 + (-3)/u.
2
Suppose -5*f + 14 = 4*h, -2*h = 2*f - 3 - 3. Suppose -4*b + 92 = -4*c, 0 = 2*b + f*c + 2*c - 40. List the prime factors of b.
2, 11
Let a be ((-4)/(-10))/((-4)/(-20)). Suppose -a*z + 5*p = 1, -z = 2*z - 5*p - 6. List the prime factors of z.
7
Let x(z) = 2*z**2 - 2*z + 3. Let b(y) = -3*y**2 + 3*y - 4. Suppose -t - 4*t = 15. Let q(m) = t*b(m) - 4*x(m). What are the prime factors of q(-2)?
2, 3
Let z(s) = s**2 + s + 8. Let w be z(-7). Suppose 0 = -o + 3*t + 6, -4*t = o - w + 9. List the prime factors of o.
3, 7
Suppose 2*y - 16 = -2*y. Suppose -38 = -y*z + u, 2*u + 3*u = 3*z - 37. List the prime factors of z.
3
Let a(j) = 4*j**2 - j - 2. What are the prime factors of a(-5)?
103
Let s = 5 + -2. Suppose -s*u = -21 - 6. What are the prime factors of u?
3
Suppose -v - v - 18 = 0. Let k(w) = w + 16. List the prime factors of k(v).
7
Let m = 56 + 12. What are the prime factors of m?
2, 17
Let u be ((-21)/(-12) + -1)*100. Suppose 0 = -2*x - 3*x + u. What are the prime factors of x?
3, 5
Suppose -h = 2*a + 6, 4 = -2*a - 4. Let l = 35 - 32. Suppose -n + 7 = l*t, -n + 14 = 2*n + h*t. List the prime factors of n.
2
Let p(y) = y**3 - 3*y**2 + 4. Let s be p(3). Suppose -4 = -s*f - 0. Let g(l) = 10*l**3 - l + 1. What are the prime factors of g(f)?
2, 5
Let p(t) = -t**2 - 11*t + 3. List the prime factors of p(-8).
3
Let a(j) = j**3 + 4*j**2 - 5*j - 6. Suppose -2*z + 10 = -d, 5*d - 4*z = d - 28. What are the prime factors of a(d)?
2, 7
Suppose 0 = 5*z - 3*l - 511, 16*z + 5*l = 13*z + 327. What are the prime factors of z?
2, 13
Let f = -148 + 238. Suppose -3*c = -3*g - 168, -g + f = 2*c - 16. What are the prime factors of c?
2, 3
Suppose 5*f - r - 718 = 0, 0*r + r = 2. Suppose 4*b - f = -48. List the prime factors of b.
2, 3
Let q(s) = -100*s - 5. What are the prime factors of q(-1)?
5, 19
Let j = -15 - -19. Suppose -j*l - l + 155 = 0. What are the prime factors of l?
31
Let f = 253 - 132. Let c = f + -59. Suppose 0 = 4*k + g - 49, 7*k - c = 2*k - 2*g. What are the prime factors of k?
2, 3
Let n(r) = -7*r - 6. List the prime factors of n(-11).
71
Let x be (1 + -3)*(0 + -1). Suppose 0 = x*y - 2*i - 16, -1 = -2*y - 4*i + 3*i. What are the prime factors of y?
3
Let n(u) = u - 6. Suppose 5*k = -0 + 45. Let z be n(k). Suppose -z = 2*g - 3*r - 5, 6 = g + r. What are the prime factors of g?
2
Suppose 20 - 232 = -4*j - 3*c, -j + c + 60 = 0. Suppose 3*w - j = -w. List the prime factors of w.
2, 7
Suppose 3*z - 5*a = 5*z - 128, 0 = -2*z - a + 112. List the prime factors of z.
2, 3
Let q(k) = k**3 - 1. Let g be q(0). Let y = g + 4. Suppose -9 = -4*s + y. List the prime factors of s.
3
What are the prime factors of 1/(-1)*-2 - -4?
2, 3
Suppose -r = 5*p - 75 - 41, 3*p + 395 = 4*r. List the prime factors of r.
101
Let g(y) = -2*y + 1. Let n be g(-6). Let l = n - 4. What are the prime factors of l?
3
Suppose -4*u - 15 = -4*h + 41, 10 = 2*h + 4*u. Let f be (-2)/8 - (-21)/4. Suppose 0 = -f*s + 6*s - h. List the prime factors of s.
11
Suppose 0 = -0*b + 2*b - 40. List the prime factors of (-8)/b*(-75)/10.
3
Let d = 2 + -2. Suppose d = -3*y - 3*o + 3, 5*y + 2*o + 2*o - 7 = 0. List the prime factors of y.
3
Let j(o) = -19*o + 1. Let g be j(-2). Suppose 2*a + g = 3*h + 6*a, -3*a = 0. What are the prime factors of h?
13
Let a(y) = -20*y - 4. What are the prime factors of a(-1)?
2
Suppose 2*k = 4*j + 8, k - 3*k - 24 = 4*j. Let f be (-6)/j*28/6. Suppose -2*o = -f*o + 65. List the prime factors of o.
13
Suppose 2*o - 375 = -o. Suppose 5*a = 5*f + o, 5*f + 4*a = -a - 85. Let t = f - -31. What are the prime factors of t?
2, 5
Suppose -2*x - 2*x + 3*s = -1349, -3*x = s - 1002. List the prime factors of x.
5, 67
Let i(s) = s**3 - s - 5*s**2 - 2*s - s**3 - 12 + s**3. What are the prime factors of i(6)?
2, 3
Suppose 0 = -2*z + 3*z - 2*d - 8, 4*d + 16 = -3*z. Suppose z = -v - 4*q + 9, -4*v + 6*q - 21 = 3*q. What are the prime factors of (-5 + v)/(-2 - -1)?
2
Suppose p = 5*f - 31, -p + 3*f = 2*p + 33. What are the prime factors of p/(-4) - (-2)/4?
2
Suppose 0 = -4*l + 5*p + 29, 0 = 5*l - 5*p - 1 - 39. Suppose -l*h + 40 = -10*h. List the prime factors of h.
2, 5
What are the prime factors of (-16)/72 + 580/18?
2
Suppose -100 = -3*k - 2*s, 3*s + 171 = 5*k + 2*s. List the prime factors of k.
2, 17
Let q = -4 - -7. Suppose 6*k = k - q*y + 149, 0 = -3*y - 6. What are the prime factors of k?
31
Let j(z) = -4*z + 8. Let b be j(6). Let d = b + 43. What are the prime factors of d?
3
Let m be -4 + 6 + 1 + -2. Let c(y) = -2*y + 11*y + 0*y - 1. What are the prime factors of c(m)?
2
What are the prime factors of 195/25 + (-3)/(-15)?
2
Suppose 15 = 3*h - 477. What are the prime factors of h?
2, 41
Let j(p) = 2*p**2 + 2*p + 1. Let h be j(-2). Let x = 16 - 13. Suppose h*a - 31 = x*g + 2, -a + 13 = g. List the prime factors of a.
3
Let l(h) = -7*h**3 + 4*h**2 + 4*h + 2. What are the prime factors of l(-3)?
5, 43
Suppose -4*u + 4*j + 148 = -u, -5*j = 5. Suppose u = 4*g - 2*g. List the prime factors of g.
2, 3
Suppose 15 = 2*o + o. Suppose 0 = -o*n + n - 8. Let f = 1 - n. List the prime factors of f.
3
Suppose r + 1 = 7. List the prime factors of r.
2, 3
Let q(l) = 41*l - 29. What are the prime factors of q(4)?
3, 5
Suppose -44 = -3*t - t. Let j = t + -6. Suppose 0*z + i - j = -2*z, 0 = 2*z + 5*i - 1. List the prime factors of z.
3
Suppose -2*c = 0, -5*f - c = -63 - 12. Let b = f + -9. List the prime factors of b.
2, 3
Suppose 16 - 4 = 4*g. List the prime factors of 10 + 6/g + -3.
3
What are the prime factors of (-236)/12*(-5 + 2)?
59
Suppose 5*r - 5 + 20 = 0. Let p(m) be the second derivative of -m**4/12 - 7*m**3/6 - m. What are the prime factors of p(r)?
2, 3
Suppose -t + 0 - 2 = 0. Let r be t/(-6)*(-3 - -6). Suppose -r = -i - 3*c - 3, -5*c = 20. List the prime factors of i.
2, 5
Suppose g - 8 = -n, 4*n - 34 = -5*g + 2. Suppose -5*m + 2 + 21 = -n*z, 1 = -m - 2*z. What are the prime factors of m?
3
Suppose -9*n + 5*n = -12. Suppose 0*o + 5*f = -4*o + 102, 0 = n*f - 6. List the prime factors of o.
23
Suppose 17*s = 6*s + 660. List the prime factors of s.
2, 3, 5
Let a(x) = -x**3 - 9*x**2 - 8*x + 4. Let i be a(-8). Let k(o) = -o**2 - 4*o + 2. Let n be k(-6). What are the prime factors of (n/4)/(i/(-8))?
5
Suppose -2*d = -d - 34. List the prime factors of d.
2, 17
Suppose b + b - 72 = 0. Suppose -b + 6 = -3*i. List the prime factors of i.
2, 5
Let i = -14 + 0. Let j = 29 + i. What are the prime factors of j?
3, 5
Suppose -50 = -5*u - 20. Let z be 4/(-6) - u/(-9). Suppose 3*b - 2*r - 9 = z, -5*b + 5*r = -2*b. What are the prime factors of b?
5
Suppose 98 + 22 = m. Suppose 0 = -5*x + 9*x - m. List the prime factors of x.
2, 3, 5
Let j = -18 + 18. Suppose -p = -j - 14. What are the prime factors of p?
2, 7
Let l = 42 + 34. What are the prime factors of l?
2, 19
Let i = 538 + -306. List the prime factors of i.
2, 29
Let w be ((-17)/(-2))/(1/2). Let u = w - 7. List the p